 factors of 200901426.
2, 3, 11, 61, 139, 359
What are the prime factors of 29072905?
5, 61, 199, 479
What are the prime factors of 76850146?
2, 809, 47497
List the prime factors of 241179129.
3, 26797681
List the prime factors of 87046903.
37, 2352619
What are the prime factors of 6148158489?
3, 11, 79, 786109
What are the prime factors of 3023387?
349, 8663
What are the prime factors of 2805924146?
2, 23, 103, 592217
List the prime factors of 71066094.
2, 3, 11, 83, 12973
List the prime factors of 342116534.
2, 17, 89, 167, 677
What are the prime factors of 294826107?
3, 98275369
What are the prime factors of 13340871?
3, 1482319
List the prime factors of 466994498.
2, 1583, 147503
List the prime factors of 65634856.
2, 7, 43, 97, 281
List the prime factors of 1473286973.
1473286973
List the prime factors of 224693475.
3, 5, 1093, 2741
What are the prime factors of 355292038?
2, 503, 353173
What are the prime factors of 94828091?
17, 5578123
What are the prime factors of 6036027945?
3, 5, 151, 983, 2711
What are the prime factors of 28160517?
3, 7, 11, 17, 71, 101
What are the prime factors of 193983096?
2, 3, 8082629
What are the prime factors of 169138003?
89, 107, 17761
List the prime factors of 386341606.
2, 7, 41, 673069
List the prime factors of 353887546.
2, 59, 2999047
What are the prime factors of 50888358?
2, 3, 239, 3943
What are the prime factors of 3202027583?
163, 607, 32363
List the prime factors of 142016221.
149, 293, 3253
List the prime factors of 53795757.
3, 31, 347, 1667
List the prime factors of 139970757.
3, 46656919
List the prime factors of 34699204.
2, 751, 11551
What are the prime factors of 153457814?
2, 76728907
List the prime factors of 64073853.
3, 7119317
What are the prime factors of 93455745?
3, 5, 6230383
List the prime factors of 49908636.
2, 3, 31, 4969
What are the prime factors of 301564701?
3, 179, 2311
What are the prime factors of 493895316?
2, 3, 1381, 29803
What are the prime factors of 6164699417?
6164699417
What are the prime factors of 1984872330?
2, 3, 5, 7, 1050197
What are the prime factors of 43857663?
3, 14619221
List the prime factors of 90207313.
7, 29, 107, 4153
List the prime factors of 30245659.
41, 149, 4951
What are the prime factors of 138300772?
2, 19, 1819747
What are the prime factors of 32054968?
2, 11, 563, 647
What are the prime factors of 1503011366?
2, 23399, 32117
What are the prime factors of 374533857?
3, 4421, 9413
What are the prime factors of 4832761?
4832761
What are the prime factors of 170852189?
167, 1023067
List the prime factors of 880367339.
7129, 123491
What are the prime factors of 139619882?
2, 43, 1623487
What are the prime factors of 1190279310?
2, 3, 5, 11, 17, 331, 641
What are the prime factors of 43964163?
3, 4884907
List the prime factors of 2047806607.
7, 11, 89, 298819
List the prime factors of 501979177.
7, 10244473
List the prime factors of 27441751.
41, 669311
What are the prime factors of 401698997?
7, 57385571
What are the prime factors of 51577816?
2, 1601, 4027
What are the prime factors of 32652674?
2, 16326337
What are the prime factors of 14432335?
5, 2886467
What are the prime factors of 14399628?
2, 3, 1199969
List the prime factors of 80632942.
2, 13, 191, 1249
List the prime factors of 666590170.
2, 5, 66659017
List the prime factors of 611123839.
3217, 189967
List the prime factors of 563931089.
17, 23, 1442279
List the prime factors of 3404400700.
2, 5, 151, 225457
List the prime factors of 2159872977.
3, 719957659
What are the prime factors of 41513043?
3, 11, 13, 19, 463
List the prime factors of 1715866922.
2, 7, 11, 283, 39371
List the prime factors of 3000673658.
2, 67, 22393087
What are the prime factors of 176848575?
3, 5, 71, 33211
List the prime factors of 237452046.
2, 3, 13, 23, 107, 1237
List the prime factors of 231405512.
2, 13, 2225053
What are the prime factors of 3343869333?
3, 7, 53077291
What are the prime factors of 706979810?
2, 5, 41, 197, 8753
What are the prime factors of 300503984?
2, 11, 155219
List the prime factors of 1009707837.
3, 37, 1249, 7283
List the prime factors of 467074981.
467074981
What are the prime factors of 749153007?
3, 1013, 82171
What are the prime factors of 35867347?
35867347
List the prime factors of 29482066.
2, 47, 313639
What are the prime factors of 1016108361?
3, 43, 875201
List the prime factors of 1947194503.
103, 199, 94999
List the prime factors of 67586929.
67586929
What are the prime factors of 279637477?
7, 5087, 7853
What are the prime factors of 132288413?
132288413
What are the prime factors of 24414088?
2, 19, 160619
List the prime factors of 6408684.
2, 3, 67, 2657
List the prime factors of 120463109.
13, 9266393
List the prime factors of 1082478537.
3, 7, 2441, 7039
List the prime factors of 56235946.
2, 13, 647, 3343
What are the prime factors of 395673677?
7, 31, 260483
List the prime factors of 4200568605.
3, 5, 31115323
List the prime factors of 54217123.
953, 56891
What are the prime factors of 1772275082?
2, 20047, 44203
What are the prime factors of 3249267007?
7, 19, 43, 568153
What are the prime factors of 52703045?
5, 10540609
List the prime factors of 149925252.
2, 3, 79, 167, 947
List the prime factors of 1042347730.
2, 5, 104234773
What are the prime factors of 73700270?
2, 5, 7, 17, 61933
What are the prime factors of 184585884?
2, 3, 7, 139, 15809
List the prime factors of 2691199.
7, 41, 9377
List the prime factors of 304064613.
3, 33784957
What are the prime factors of 1079446650?
2, 3, 5, 47, 153113
What are the prime factors of 201189633?
3, 389, 172399
What are the prime factors of 47957338?
2, 11, 13, 167683
What are the prime factors of 2955284323?
2955284323
List the prime factors of 464783275.
5, 11, 1690121
List the prime factors of 117847682.
2, 58923841
What are the prime factors of 2487715?
5, 647, 769
What are the prime factors of 129310769?
7, 661, 27947
List the prime factors of 10240896.
2, 3, 26669
List the prime factors of 2426900271.
3, 808966757
List the prime factors of 1263330272.
2, 1979, 19949
List the prime factors of 480199841.
11, 79, 552589
What are the prime factors of 4412029822?
2, 17, 129765583
List the prime factors of 1053207919.
17, 31, 1998497
What are the prime factors of 70327537?
7, 23, 191, 2287
What are the prime factors of 713157548?
2, 17, 10487611
What are the prime factors of 118631972?
2, 19, 907, 1721
What are the prime factors of 28852043?
11, 17, 277, 557
List the prime factors of 80089568.
2, 13, 79, 2437
What are the prime factors of 140511250?
2, 5, 11, 929
What are the prime factors of 264084854?
2, 11, 41, 292777
List the prime factors of 938327163.
3, 312775721
List the prime factors of 94580954.
2, 13, 37, 98317
What are the prime factors of 179998345?
5, 23, 1565203
List the prime factors of 5620910408.
2, 4861, 144541
List the prime factors of 223281998.
2, 1867, 59797
List the prime factors of 691544020.
2, 5, 17, 2033953
List the prime factors of 1949926412.
2, 7, 31, 47, 47797
List the prime factors of 2891696638.
2, 14957, 96667
List the prime factors of 7657948.
2, 1914487
List the prime factors of 232306499.
232306499
List the prime factors of 40298582.
2, 19, 419, 2531
List the prime factors of 2906927407.
2906927407
List the prime factors of 215395009.
109, 599, 3299
List the prime factors of 289976357.
11, 26361487
List the prime factors of 229064194.
2, 114532097
What are the prime factors of 985335851?
985335851
List the prime factors of 39679176.
2, 3, 151, 10949
List the prime factors of 58120115.
5, 89, 131, 997
What are the prime factors of 57525243?
3, 31, 439, 1409
What are the prime factors of 1380816156?
2, 3, 113, 1018301
List the prime factors of 75907379.
75907379
What are the prime factors of 1246764126?
2, 3, 7993, 25997
What are the prime factors of 259820589?
3, 7, 1767487
List the prime factors of 4662677766.
2, 3, 37, 21003053
What are the prime factors of 49542792?
2, 3, 13, 158791
List the prime factors of 4698585561.
3, 1566195187
What are the prime factors of 221700824?
2, 29, 955607
List the prime factors of 425464121.
425464121
List the prime factors of 774730277.
197, 3932641
List the prime factors of 21047361.
3, 7015787
What are the prime factors of 4757